-251054035 (base 6) to base 2.
-10010010111000010000111
What is -54c7e2 (base 16) in base 3?
-101110021122222
Convert -2978033 (base 11) to base 15.
-6acc37
-1011101000000101011001 (base 2) to base 10
-3047769
-1220201100100 (base 3) to base 6
-33452400
What is 35240532 (base 6) in base 4?
10023012020
-4706753 (base 8) to base 14
-25504b
What is -2523441 (base 9) in base 12?
-563031
-3351031 (base 9) to base 12
-7306b4
2746293 (base 10) to base 13
752034
-1024632 (base 13) to base 14
-915634
-1130227 (base 8) to base 2
-1001011000010010111
What is -5253020 (base 6) in base 14?
-693da
What is 110100110101011011011010 (base 2) in base 15?
1338c05
-3612742 (base 10) to base 16
-372046
3021101101 (base 4) to base 11
513426
What is -111010121 (base 5) in base 3?
-220122100022
-10011563 (base 7) to base 9
-1488758
Convert -112230303112 (base 4) to base 6.
-331313234
What is 2124420201 (base 5) in base 6?
241025322
What is -2151c (base 15) in base 2?
-11001110100110001
What is 7275323 (base 8) in base 3?
10122011012002
Convert -5d690 (base 16) to base 5.
-44220413
Convert 255bb8b (base 14) to base 11.
a166200
2b16ca (base 14) to base 11
936798
What is 45244450 (base 6) in base 2?
101001111101001001110
739a7 (base 14) to base 6
5551531
Convert 101010011011101101 (base 2) to base 3.
22211102020
What is 20202011001 (base 3) in base 16?
206b3
What is 4423560 (base 7) in base 4?
2010303012
What is -112220311 (base 4) in base 9?
-151167
What is -237430 (base 14) in base 6?
-41542054
What is 2d42e (base 16) in base 10?
185390
What is 11434001 (base 5) in base 6?
2154522
Convert -54bc8c (base 13) to base 16.
-1e78dc
-c32386 (base 13) to base 3
-22112222020011
20220220201 (base 3) to base 4
201101011
Convert -133100113201 (base 4) to base 3.
-120102021101011
215b3a0 (base 14) to base 12
536b040
31e11 (base 15) to base 9
261267
Convert 573546 (base 8) to base 14.
50bc2
1072761 (base 8) to base 2
1000111010111110001
What is -1424a3 (base 11) in base 6?
-4435454
What is -10d0c (base 15) in base 9?
-81423
515a3 (base 11) to base 3
10211020012
Convert -3a1679 (base 11) to base 5.
-130203311
Convert 12851317 (base 9) to base 11.
3649419
Convert 333c9 (base 16) to base 7.
1532565
-233010030 (base 4) to base 2
-101111000100001100
What is -4300555 (base 6) in base 2?
-110011010011110111
What is -4831985 (base 10) in base 6?
-251322145
3d247 (base 15) to base 8
577253
4e8a8d (base 15) to base 14
703d61
50020521 (base 6) to base 7
14630551
What is -1010001100100011010000 (base 2) in base 11?
-1566172
What is -dd215 (base 16) in base 2?
-11011101001000010101
Convert 11212212020 (base 3) to base 6.
2021010
What is 10101110111000111100 (base 2) in base 12?
2a6678
-aeed (base 16) to base 6
-543153
What is 124321234 (base 5) in base 10?
620194
What is 722337 (base 8) in base 7?
2013153
Convert 537296 (base 10) to base 6.
15303252
Convert 10001000111011111 (base 2) to base 13.
25bb2
1003524 (base 7) to base 5
12301231
Convert -173963 (base 10) to base 14.
-4757d
-35744720 (base 8) to base 7
-123504414
82138 (base 12) to base 6
3344512
-95160 (base 11) to base 6
-2545415
What is 120030133 (base 4) in base 3?
12000221111
What is 100001021 (base 3) in base 10?
6595
What is 1000001222122 (base 3) in base 7?
4346420
What is -220030020 (base 4) in base 9?
-270726
What is c85262 (base 15) in base 13?
1c8ac82
87849 (base 16) to base 4
2013201021
What is -176377 (base 8) in base 7?
-356553
What is 552419 (base 15) in base 13?
ac0bba
-27ce (base 15) to base 10
-8519
What is -691542a (base 11) in base 7?
-204565553
What is 11121201002 (base 3) in base 2?
10110001100011111
What is -16cdce (base 15) in base 16?
-10e338
What is -21213001312 (base 4) in base 5?
-1121103113
-d7e74 (base 15) to base 3
-1021210122201
What is 2578ac (base 13) in base 4?
3130101320
Convert -1012120202101 (base 3) to base 6.
-21425101
What is -100001011111110001001001 (base 2) in base 3?
-121112010002112
Convert -133123403 (base 5) to base 3.
-1021101022000
What is -136061 (base 9) in base 14?
-22441
What is 2212202201 (base 4) in base 15?
d71b5
Convert 34451314 (base 6) to base 9.
2002011
What is 4522443 (base 7) in base 11?
352aa6
-31d49 (base 14) to base 8
-353435
Convert -2211101200 (base 3) to base 7.
-321240
What is -12202111021 (base 3) in base 16?
-1bac9
14c27ba (base 13) to base 12
229250b
332100011330 (base 4) to base 15
167532e
Convert 4333130 (base 6) to base 5.
23331132
Convert -ce729 (base 16) to base 4.
-3032130221
What is -25401 (base 14) in base 7?
-530201
-909026 (base 11) to base 10
-1461466
Convert -2130314 (base 9) to base 14.
-21a1c2
What is 12500352 (base 6) in base 11?
26181a
Convert -26260405 (base 7) to base 4.
-21022032301
Convert -b4a3b6 (base 15) to base 10.
-8590221
What is 4c6b23 (base 13) in base 15?
2660ee
What is 431003 (base 5) in base 4?
3202213
-1321101 (base 5) to base 8
-63441
-56c8c (base 16) to base 13
-c5a49
What is -28465d (base 14) in base 5?
-324121321
What is 15a72 (base 15) in base 2?
10001000011100001
1836a1 (base 14) to base 11
534171
What is -d78846 (base 14) in base 16?
-6f25ee
Convert 21d19 (base 14) to base 6.
1432151
Convert 4210331322 (base 5) to base 14.
12206a5
What is -200113220 (base 4) in base 12?
-64888
What is -2554313 (base 8) in base 11?
-446096
What is -11110101101010100100 (base 2) in base 14?
-1c29c8
256551 (base 7) to base 10
47958
What is -2011040203 (base 5) in base 15?
-540e1d
3316b9 (base 12) to base 15
11065c
10424341332 (base 5) to base 11
6585472
What is -4031144 (base 5) in base 12?
-31431
What is 10101010111001000101011 (base 2) in base 14?
a5aa4b
Convert -640714 (base 13) to base 4.
-20330010202
Convert -2781218 (base 10) to base 7.
-32432336
113343133 (base 5) to base 4
2000320232
What is 13233340 (base 5) in base 10?
133595
-1369197 (base 10) to base 6
-45202513
What is -1269d6 (base 16) in base 13?
-333364
-1177426 (base 8) to base 4
-1033330112
-10101000011110011011000 (base 2) to base 7
-64632021
963237 (base 12) to base 3
11110101020021
-52201471 (base 8) to base 16
-a90339
What is 9237442 (base 10) in base 14?
13265b4
What is 101100101010100101 (base 2) in base 14?
4a95b
What is -129266 (base 10) in base 9?
-216278
Convert 2706440 (base 8) to base 2.
10111000110100100000
-42440341 (base 6) to base 7
-13422535
Convert 11303011002 (base 4) to base 9.
2765860
What is 135141201 (base 6) in base 3?
12012112011201
Convert 456554 (base 13) to base 9.
3072445
Convert -2c41ce (base 16) to base 8.
-13040716
What is 174326 (base 8) in base 11?
43951
What is 10111011000111110010100 (base 2) in base 13?
1368b8b
Convert 610864 (base 9) to base 13.
c8755
What is 11765465 (base 8) in base 15?
36a22c
What is -1010101110010000010 (base 2) in base 4?
-1111302002
100101001100101001011 (base 2) to base 11
762853
-51b91ba (base 12) to base 8
-72652336
What is -100000111010011100110 (base 2) in base 11?
-677327
Convert -15565 (base 7) to base 6.
-32224
What is 14cc85 (base 16) in base 8?
5146205
What is -202102120221 (base 3) in base 4?
-1202022331
-32271 (base 11) to base 10
-46905
212322122 (base 5) to base 4
3130012201
What is -7cb2 (base 16) in base 7?
-162032
Convert 1308a11 (base 11) to base 16.
2295d8
Convert -10011010110110101 (base 2) to base 9.
-130674
What is -1a208 (base 13) in base 7?
-301221
What is -30202011202 (base 4) in base 15?
-44d681
What is 3232440 (base 6) in base 13?
57aa4
2133603 (base 7) to base 6
5330350
Convert -2675915 (base 11) to base 10.
-4619675
Convert -1043960 (base 13) to base 11.
-2880492
Convert 16057 (base 16) to base 10.
90199
Convert -11000001011001010000 (base 2) to base 10.
-792144
What is 4a3c1 (base 15) in base 4?
321320302
What is 1503baa (base 12) in base 5?
2041041132
2578129 (base 11) to base 10
4461664
ccc2db (base 16) to base 14
1ad4563
Convert 11ab25 (base 13) to base 7.
3413214
Convert 221305243 (base 6) to base 2.
1111001110001011111011
Convert 33210423 (base 5) to base 7.
2310226
What is ba7424 (base 12) in base 15?
3d6327
What is -3223245 (base 6) in base 3?
-22001220202
What is -27a146 (base 15) in base 14?
-379062
Convert -110322233 (base 4) to base 6.
-1500355
c66a6 (base 16) to base 13
225bc2
2c8622 (base 14) to base 8
5746366
-715503 (base 9) to base 14
-b0709
Convert -539254 (base 12) t